 base 2, what is 110011101000 + 1100010001101000?
1101000101010000
In base 13, what is -1 + -80b8a6c?
-80b8a70
In base 13, what is -a916 + 1c7?
-a71c
In base 15, what is 2 - -249b59?
249b5b
In base 16, what is -bd1fc + 6d?
-bd18f
In base 10, what is -13116 + 13391?
275
In base 15, what is 285e7c - -17?
285e94
In base 4, what is -10 + 23111200231133?
23111200231123
In base 15, what is 253d229 + -1?
253d228
In base 12, what is -23515a0 - -1b?
-2351581
In base 8, what is -75576652 - -31?
-75576621
In base 12, what is -708b6129 - 0?
-708b6129
In base 8, what is -41150542 - 63?
-41150625
In base 16, what is -18 - 280faaf?
-280fac7
In base 13, what is -6484c62 + -4?
-6484c66
In base 5, what is 104231424 + -10213?
104221211
In base 13, what is 1b2c9ba + -3?
1b2c9b7
In base 2, what is 1101000111011101 - 1011001101100?
1011101101110001
In base 12, what is 9bb + -9562?
-8763
In base 9, what is -1728 - -5012?
3173
In base 9, what is 1210 + 83617?
84827
In base 14, what is 442a0b - 134?
4428b7
In base 6, what is -10140 - 15110?
-25250
In base 8, what is 2 - -45244412?
45244414
In base 9, what is 632827 - -5?
632833
In base 12, what is -3 + 4208a4?
4208a1
In base 5, what is 31330242040 - 0?
31330242040
In base 15, what is -28ac25a - -1?
-28ac259
In base 16, what is -2 + -307db98?
-307db9a
In base 5, what is 1324320421044 + 4?
1324320421103
In base 11, what is 1124997 - -4?
11249a0
In base 11, what is -8a2355 - 96?
-8a2440
In base 14, what is -a06 - 18ca8?
-198b0
In base 9, what is -28 - -1301021?
1300882
In base 15, what is 1 - 203a41?
-203a40
In base 12, what is -640 - -13541?
12b01
In base 5, what is 1113 + 122401?
124014
In base 11, what is 37a5985 + -133?
37a5852
In base 10, what is 3 - 82415663?
-82415660
In base 14, what is c9 - -724d?
7338
In base 3, what is -202 + -20212221011121?
-20212221012100
In base 11, what is -130 - 123a32a?
-123a45a
In base 2, what is -11010000010001100110011 - -11?
-11010000010001100110000
In base 8, what is 67642 - 6557?
61063
In base 3, what is 11 + -2000202120111022?
-2000202120111011
In base 8, what is -5 + -540227333?
-540227340
In base 10, what is -41723125 - 4?
-41723129
In base 7, what is 6011224 - -13?
6011240
In base 2, what is -100000100011 - -100100011111000?
100000011010101
In base 13, what is -72 - 160171?
-160213
In base 6, what is 200055045323 - 5?
200055045314
In base 15, what is c96209e + -2?
c96209c
In base 2, what is 11100011101111001 + 100?
11100011101111101
In base 6, what is -153130 - -301504?
104334
In base 3, what is 101002202001211220 + 12?
101002202001212002
In base 15, what is -1ed + -a6a75?
-a6c73
In base 5, what is 443 - -142101?
143044
In base 6, what is -10212002343 - 5?
-10212002352
In base 15, what is a - 4d5cb?
-4d5c1
In base 8, what is -13465316514 - -4?
-13465316510
In base 12, what is 0 - -12b9593?
12b9593
In base 12, what is -765 - -24284?
2371b
In base 5, what is -1012013 - 112?
-1012130
In base 11, what is 12590 + -39a?
121a1
In base 5, what is 10304 + 10410433?
10421242
In base 13, what is 49 - -91375?
913c1
In base 6, what is 1 + 2511550145?
2511550150
In base 14, what is -36 - -8629?
85d3
In base 16, what is 118f64 - 13?
118f51
In base 15, what is 903 + a667?
b06a
In base 16, what is -1 + 54f9a39?
54f9a38
In base 5, what is -214040 - 1434013?
-2203103
In base 15, what is -6424a1 + 3?
-64249d
In base 3, what is 11 - -2200101020020?
2200101020101
In base 10, what is 1203 + 319?
1522
In base 5, what is -1230432144234 + 10?
-1230432144224
In base 11, what is 14428 + 177?
145a4
In base 6, what is -33243 - -4044020?
4010333
In base 12, what is 153 - 22044?
-21ab1
In base 2, what is -1000001 - -1011110101111010011?
1011110101110010010
In base 7, what is -440436164 + 4?
-440436160
In base 10, what is 144145 - -205?
144350
In base 5, what is -10123410113 + 22?
-10123410041
In base 8, what is 6136624 + 2?
6136626
In base 15, what is 1e - 365995?
-365976
In base 16, what is b + 61a60f?
61a61a
In base 3, what is -2212 + 101111220111?
101111210122
In base 10, what is 85017 - 276?
84741
In base 16, what is -2487 + -6a3?
-2b2a
In base 4, what is 323330333 + -222?
323330111
In base 12, what is -2 + -106a64?
-106a66
In base 16, what is -1 + -1f2474?
-1f2475
In base 11, what is -246426 - -462?
-245a74
In base 5, what is 3114342 + -14044?
3100243
In base 11, what is -1 + 8147844?
8147843
In base 12, what is 12 + 36a1b80?
36a1b92
In base 13, what is -453cb5 + -1cc?
-4541b4
In base 15, what is -123 + 26329?
26206
In base 7, what is -104401 + -10032?
-114433
In base 12, what is -11 + -33827?
-33838
In base 5, what is -20 - -43330233100?
43330233030
In base 13, what is -8 + -20aa1b6?
-20aa1c1
In base 15, what is 3be057 + -5?
3be052
In base 15, what is -1650b84c + -2?
-1650b84e
In base 14, what is -70cb097 - 4?
-70cb09b
In base 13, what is 336 - -a43b?
a774
In base 9, what is -37 - -47358?
47321
In base 10, what is -1102710 - -5?
-1102705
In base 10, what is -2386 + 100162?
97776
In base 13, what is 16088 + -145?
15c43
In base 4, what is 3303100 + -23003?
3220031
In base 14, what is 1 - 73610?
-7360d
In base 4, what is 303033 + 10000111?
10303210
In base 12, what is -3295b28 + -5?
-3295b31
In base 8, what is -14 + 24727647?
24727633
In base 4, what is 113 + 22200210010?
22200210123
In base 14, what is -10 + 70b5?
70a5
In base 15, what is 65 + 157b26?
157b8b
In base 16, what is 7a + -130ea3?
-130e29
In base 11, what is 73750a7 - -10?
7375107
In base 13, what is -c813752 - 7?
-c813759
In base 13, what is -4 - 152420?
-152424
In base 4, what is -2223312121 - -100?
-2223312021
In base 16, what is e + 1bffcd1?
1bffcdf
In base 12, what is 0 - -806b2?
806b2
In base 8, what is -30255 + 21475?
-6560
In base 7, what is 4 - 352345046?
-352345042
In base 3, what is 20100001 - -20211012201?
21001112202
In base 15, what is 15cdd60 - -3b?
15cdd9b
In base 6, what is -21435250 + 3?
-21435243
In base 8, what is 7045 + 5207?
14254
In base 12, what is 2b3646 + -1085?
2b2581
In base 8, what is 4156 + 327470?
333646
In base 13, what is -2 + -20583ab6?
-20583ab8
In base 8, what is 2563417 - -10?
2563427
In base 13, what is 13ab - 196?
1215
In base 14, what is 294522a + 1?
294522b
In base 15, what is 4e0435 - -6?
4e043b
In base 10, what is 2 - 223734?
-223732
In base 5, what is 4041312144 - -11?
4041312210
In base 11, what is -16 - -4655067?
4655051
In base 7, what is 123 + 3450460?
3450613
In base 8, what is -14 - 24751645?
-24751661
In base 16, what is 2f4c66 + -3?
2f4c63
In base 9, what is -3241 + -103705?
-107046
In base 8, what is -50111412 - -21?
-50111371
In base 4, what is 2 - -32303013013221?
32303013013223
In base 15, what is 6 + -49602e1?
-49602da
In base 11, what is 7 - 3194640?
-3194634
In base 3, what is -2 + 22200120002?
22200120000
In base 9, what is 65 + -4135?
-4060
In base 13, what is -3137b - -17?
-31364
In base 15, what is -1998ed0 - 5?
-1998ed5
In base 6, what is -24144 + -1040214?
-1104402
In base 8, what is -15 - 3624700?
-3624715
In base 11, what is 4 - 65484066?
-65484062
In base 8, what is 33421021 + 131?
33421152
In base 5, what is -3040 - 1241322?
-1244412
In base 16, what is 10b + -298fa?
-297ef
In base 10, what is -11 + -371157?
-371168
In base 12, what is 13201352 + -5?
13201349
In base 7, what is 11222 - -62132?
103354
In base 8, what is 2156 - -35603?
37761
In base 16, what is -4e + b4d1?
b483
In base 2, what is 11010010011100 - -1011001011100010?
1110011101111110
In base 10, what is 760966 - -279?
761245
In base 13, what is 3461 + 170?
3601
In base 16, what is 3d2f9 + 78?
3d371
In base 10, what is 583728 - -26?
583754
In base 9, what is -24538186 + 2?
-24538184
In base 4, what is -2 - 2113300223?
-2113300231
In base 3, what is -101021201201020 - -11200?
-101021201112120
In base 6, what is -42433 + -4511?
-51344
In base 6, what is 12012 + -5142455?
-5130443
In base 4, what is 3311 - 100221300?
-100211323
In base 8, what is 240 + 6356?
6616
In base 9, what is 54 - -44252381?
44252445
In base 8, what is -50 + -11314255?
-11314325
In base 11, what is -43a97 + 184?
-43913
In base 10, what is -5 + -42971186?
-42971191
In base 14, what is -424a - -216?
-4034
In base 10, what is -935 - -26565?
25630
In base 13, what is -a - -100ba40?
100ba33
In base 11, what is 74743 + -52?
746a1
In base 9, what